 to base 5.
-104
-42 (base 11) to base 5
-141
What is -1 (base 2) in base 9?
-1
What is 21 (base 5) in base 9?
12
22 (base 11) to base 3
220
What is 0 (base 10) in base 6?
0
-122 (base 5) to base 6
-101
Convert 6 (base 7) to base 5.
11
Convert 35 (base 9) to base 2.
100000
Convert 5 (base 6) to base 14.
5
What is 2210 (base 3) in base 12?
63
What is 11 (base 2) in base 3?
10
What is -43 (base 6) in base 8?
-33
What is -1 (base 16) in base 2?
-1
What is 3 (base 15) in base 14?
3
What is -10 (base 4) in base 10?
-4
What is 20 (base 3) in base 5?
11
What is -20 (base 3) in base 13?
-6
What is 10 (base 8) in base 2?
1000
Convert 153 (base 10) to base 3.
12200
Convert 46 (base 8) to base 9.
42
-11 (base 10) to base 14
-b
Convert 9 (base 13) to base 5.
14
203 (base 12) to base 10
291
Convert 99 (base 13) to base 16.
7e
Convert 1 (base 9) to base 3.
1
1 (base 4) to base 2
1
What is 11 (base 11) in base 13?
c
e5 (base 15) to base 12
15b
What is 5 (base 16) in base 4?
11
What is 2 (base 15) in base 14?
2
Convert -2101 (base 3) to base 11.
-59
17 (base 16) to base 10
23
What is -22201 (base 3) in base 12?
-177
5 (base 16) to base 4
11
Convert -20 (base 14) to base 12.
-24
-2 (base 16) to base 11
-2
What is 33 (base 8) in base 14?
1d
Convert -51 (base 10) to base 6.
-123
-11a (base 12) to base 3
-20011
What is -4 (base 6) in base 12?
-4
What is 3 (base 12) in base 8?
3
What is -4 (base 10) in base 14?
-4
What is 1 (base 11) in base 5?
1
What is -11100 (base 2) in base 16?
-1c
Convert 1 (base 14) to base 6.
1
1 (base 2) to base 6
1
What is -177 (base 11) in base 2?
-11001101
Convert 11 (base 4) to base 13.
5
Convert 6 (base 14) to base 10.
6
What is 10101 (base 2) in base 4?
111
Convert d (base 16) to base 9.
14
240 (base 10) to base 3
22220
What is 0 (base 16) in base 11?
0
What is 5 (base 7) in base 11?
5
15 (base 16) to base 5
41
Convert 1 (base 13) to base 9.
1
What is -1 (base 10) in base 2?
-1
Convert -6 (base 13) to base 4.
-12
Convert -10001101 (base 2) to base 10.
-141
What is -123 (base 4) in base 13?
-21
-21 (base 6) to base 5
-23
What is 3 (base 16) in base 15?
3
What is -110 (base 2) in base 16?
-6
What is -10 (base 4) in base 13?
-4
Convert ad (base 16) to base 15.
b8
What is -41 (base 14) in base 3?
-2010
152 (base 9) to base 15
88
What is 11 (base 4) in base 6?
5
Convert 114 (base 5) to base 16.
22
What is 0 (base 14) in base 11?
0
Convert 2d (base 16) to base 5.
140
0 (base 3) to base 6
0
-98 (base 14) to base 7
-251
Convert -46 (base 13) to base 9.
-64
What is -9 (base 12) in base 13?
-9
-2 (base 13) to base 5
-2
What is 11 (base 11) in base 5?
22
What is -333 (base 4) in base 13?
-4b
Convert -2 (base 7) to base 2.
-10
-2 (base 4) to base 13
-2
-26 (base 16) to base 5
-123
What is -1a (base 16) in base 9?
-28
What is 0 (base 5) in base 2?
0
Convert -1 (base 9) to base 7.
-1
4 (base 13) to base 10
4
What is -2 (base 10) in base 12?
-2
-343 (base 8) to base 9
-272
Convert a8 (base 12) to base 15.
88
What is 3 (base 9) in base 14?
3
10 (base 4) to base 9
4
What is 0 (base 2) in base 5?
0
Convert -2 (base 8) to base 3.
-2
Convert 68 (base 16) to base 12.
88
21 (base 16) to base 2
100001
What is 2 (base 11) in base 8?
2
Convert -b7 (base 14) to base 5.
-1121
Convert -5 (base 11) to base 5.
-10
What is 73 (base 9) in base 6?
150
-2a (base 13) to base 2
-100100
What is 11112 (base 3) in base 8?
172
What is 10100010 (base 2) in base 4?
2202
Convert -4c (base 16) to base 3.
-2211
What is 73 (base 11) in base 4?
1100
Convert -201 (base 6) to base 15.
-4d
What is 3 (base 15) in base 5?
3
Convert 0 (base 16) to base 3.
0
Convert 110 (base 2) to base 13.
6
9 (base 12) to base 15
9
Convert -10110011 (base 2) to base 5.
-1204
Convert 3 (base 16) to base 8.
3
0 (base 5) to base 15
0
What is -5 (base 11) in base 16?
-5
13 (base 10) to base 16
d
What is 19 (base 16) in base 10?
25
What is -10 (base 9) in base 11?
-9
Convert -2 (base 10) to base 8.
-2
14 (base 5) to base 11
9
Convert -38 (base 11) to base 8.
-51
Convert -81 (base 11) to base 3.
-10022
What is -3 (base 11) in base 2?
-11
What is -183 (base 13) in base 9?
-336
Convert 2 (base 5) to base 2.
10
What is -1 (base 13) in base 11?
-1
What is 3 (base 13) in base 8?
3
1100 (base 4) to base 2
1010000
-6 (base 11) to base 7
-6
Convert 0 (base 14) to base 15.
0
Convert -10212 (base 3) to base 11.
-95
What is -37 (base 10) in base 6?
-101
-5 (base 7) to base 2
-101
1 (base 7) to base 15
1
What is 43 (base 14) in base 5?
214
-2a (base 14) to base 16
-26
What is -24 (base 6) in base 11?
-15
Convert 1000111 (base 2) to base 3.
2122
103 (base 9) to base 6
220
4 (base 8) to base 15
4
Convert 1010 (base 4) to base 9.
75
What is 11 (base 12) in base 4?
31
What is 12 (base 8) in base 9?
11
What is -38 (base 13) in base 15?
-32
Convert -305 (base 8) to base 14.
-101
What is -13 (base 4) in base 6?
-11
2 (base 10) to base 15
2
Convert -12 (base 9) to base 8.
-13
Convert 81 (base 10) to base 4.
1101
Convert -3 (base 14) to base 16.
-3
Convert -15 (base 12) to base 3.
-122
What is 3 (base 4) in base 16?
3
69 (base 14) to base 8
135
Convert -2 (base 13) to base 8.
-2
What is -4 (base 13) in base 5?
-4
62 (base 9) to base 14
40
What is -3110 (base 4) in base 9?
-255
Convert 1 (base 5) to base 9.
1
What is -500 (base 7) in base 16?
-f5
What is 43 (base 7) in base 4?
133
ca (base 14) to base 16
b2
Convert 16 (base 8) to base 2.
1110
6 (base 8) to base 5
11
Convert -10220 (base 3) to base 5.
-410
Convert 3 (base 10) to base 8.
3
What is 10 (base 4) in base 3?
11
-3 (base 8) to base 5
-3
0 (base 5) to base 12
0
0 (base 9) to base 2
0
6b (base 14) to base 2
1011111
-3 (base 15) to base 11
-3
Convert -3 (base 14) to base 13.
-3
6 (base 13) to base 2
110
1 (base 7) to base 6
1
What is 25 (base 13) in base 11?
29
-110 (base 2) to base 11
-6
What is 2 (base 5) in base 13?
2
16 (base 8) to base 6
22
What is -2 (base 5) in base 14?
-2
What is 182 (base 12) in base 13?
158
What is -311 (base 10) in base 9?
-375
Convert 2 (base 16) to base 7.
2
What is 7d (base 14) in base 12?
93
What is 43 (base 11) in base 4?
233
310 (base 4) to base 10
52
Convert 1f (base 16) to base 3.
1011
Convert 33 (base 5) to base 4.
102
Convert 12 (base 3) to base 9.
5
What is 3 (base 12) in base 3?
10
2a8 (base 11) to base 16
168
Convert -143 (base 5) to base 12.
-40
What is -12 (base 9) in base 7?
-14
Convert 4 (base 10) to base 7.
4
-1202 (base 3) to base 10
-47
Convert 8 (base 13) to base 10.
8
-3 (base 10) to base 14
-3
Convert 2 (base 16) to base 14.
2
Convert -7 (base 12) to base 8.
-7
Convert -4 (base 11) to base 7.
-4
Convert -10 (base 8) to base 4.
-20
Convert 1 (base 11) to base 16.
1
Convert -11122 (base 3) to base 2.
-1111101
-111 (base 2) to base 4
-13
What is -20 (base 4) in base 6?
-12
What is -11 (base 8) in base 15?
-9
Convert -101 (base 2) to base 13.
-5
Convert 111 (base 6) to base 13.
34
-100 (base 2) to base 8
-4
-5 (base 11) to base 8
-5
Convert 47 (base 10) to base 14.
35
-8 (base 11) to base 10
-8
48 (base 11) to base 15
37
What is -11 (base 3) in base 2?
-100
-1e (base 16) to base 13
-24
What is -6 (base 9) in base 5?
-11
What is 12 (base 3) in base 9?
5
-57 (base 8) to base 5
-142
What is -16 (base 7) in base 4?
-31
-10 (base 8) to base 2
-1000
Convert 6 (base 12) to base 10.
6
What is -123 (base 6) in base 3?
-1220
-48 (base 16) to base 3
-2200
1 (base 8) to base 16
1
Convert 30 (base 6) to base 16.
12
Convert -101 (base 5) to base 4.
-122
0 (base 7) to base 14
0
Convert -4 (base 11) to base 2.
-100
Convert -3 (base 6) to base 14.
-3
What is -152 (base 6) in base 5?
-233
-110 (base 3) to base 8
-14
Convert 8 (base 12) to base 11.
8
Convert 33 (base 5) to base 13.
15
What is 1000101 (base 2) in base 15?
49
Convert 112 (base 4) to base 13.
19
What is -1 (base 14) in base 10?
-1
a8 (base 15) to base 7
314
0 (base 7) to base 13
0
What is -163 (base 13) in base 14?
-13c
22 (base 5) to base 15
c
Convert 10 (base 3) to base 11.
3
-6a (base 11) to base 4
-1030
Convert 4 (base 7) to base 14.
4
-15 (base 15) to base 6
-32
What is 0 (base 14) in base 15?
0
What is 28 (base 12) in base 13?
26
What is -a0 (base 16) in base 7?
-316
What is 91 (base 16) in base 4?
2101
What is -6 (base 10) in base 16?
-6
What is 11 (base 13) in base 6?
